{"id":90,"date":"2020-10-17T01:12:14","date_gmt":"2020-10-17T04:12:14","guid":{"rendered":"https:\/\/litcult.net.br\/luizalobo\/?page_id=90"},"modified":"2020-10-17T10:14:49","modified_gmt":"2020-10-17T13:14:49","slug":"entrevistas","status":"publish","type":"page","link":"https:\/\/litcult.net.br\/luizalobo\/entrevistas\/","title":{"rendered":"ENTREVISTAS"},"content":{"rendered":"<p>Entrevista com a equipe de <em>Jos\u00e9<\/em>, em presen\u00e7a de Ferreira Gullar e Silviano Santiago, <em>Jos\u00e9<\/em> &#8211; Revista de Literatura, cr\u00edtica e arte. Rio de Janeiro, Fontana, n\u00ba <em>9<\/em>, dezembro 1977, p. 2-17.<\/p>\n<hr \/>\n<p>Sous\u00e2ndrade desconhecido. \u00a0Entrevista com Beatriz Bonfim. [Sobre a descoberta de um livro de Sous\u00e2ndrade dado por desaparecido por Sacramento Blake por Luiza Lobo]. <em>Jornal do Brasil<\/em>, Caderno B, 14 junho 1980, p. 11.<\/p>\n<hr \/>\n<p>Entrevista \u201c<em>Voo livre<\/em> no novo salto de Luiza Lobo\u201d. <em>O Povo<\/em>, Fortaleza, 11 julho 1982, p. 25.<\/p>\n<hr \/>\n<p>\u201cLiteratura n\u00e3o \u00e9 manifesto pol\u00edtico\u201d. Entrevista a Marcia Vidal in Literatura, <em>Di\u00e1rio do Nordeste<\/em>, Fortaleza, 14 julho 1982.<\/p>\n<hr \/>\n<p>Luiza Lobo \u2013 um voo livre cheio de arte e f\u00e1bulas, por tr\u00e1s dos muros.\u00a0 Entrevista a Marcos de Farias Costa e Newton Sarmento Filho. <em>Jornal de Alagoas<\/em>, Macei\u00f3, 22 junho 1986.<\/p>\n<hr \/>\n<p>Entrevista no artigo Mulheres de estilo, sobre literatura feminina contempor\u00e2nea. <em>Isto \u00c9<\/em> (SP), <em>528<\/em>, 4 fevereiro 1987, p. 48.<\/p>\n<hr \/>\n<p>S\u00f4nia Coutinho, \u201cA voz negra dos anos 1980\u201d. Entrevista com Luiza Lobo, entre outros. <em>O Globo<\/em>, 2o\u00a0Caderno, 10 abril 1987, p. 1.<\/p>\n<hr \/>\n<p>Participa\u00e7\u00e3o numa entrevista em v\u00eddeo com o escritor Cyro dos Anjos realizada com os professores da Faculdade de Letras da UFRJ. 19 novembro 1990.<\/p>\n<hr \/>\n<p>Entrevista a Isabel Cristina Mauad, \u201cPioneiras de uma revolu\u00e7\u00e3o\u201d, com Luiza Lobo e Sylvia Paix\u00e3o. <em>O Globo<\/em>, 2\u00ba Caderno, 7 outubro 1991, p. 1-2.<\/p>\n<hr \/>\n<p>Programa <em>Curto circuito<\/em>. Entrevista na TV-E a respeito da mesa-redonda sobre Sylvia Plath. 30 abril 1993.<\/p>\n<hr \/>\n<p>Entrevista no Programa de Amaury Santos.\u00a0 R\u00e1dio <em>CBN<\/em>, na r\u00e1dio local de Alagoas. 2 julho 1993, 6\u00aa feira, 22 horas.<\/p>\n<hr \/>\n<p>Nascimento, Dalma. Mem\u00f3rias em jornais. Rio de Janeiro, Tempo Brasileiro, 2014. Robert Burns, um poeta a servi\u00e7o dos deuses e entrevista com Luiza Lobo, Tradutora de Robert Burns no Brasil. p.107-111. [Publ. <em>Tribuna da Imprensa<\/em>, Tribuna Bis, 24 janeiro 1995.<\/p>\n<hr \/>\n<p>Entrevista a Claudia Miranda, \u201cMestres da UFRJ analisam os marginais da literatura\u201d. Tribuna da Imprensa, Ano 46, n\u00b0 13.821. Suplemento Tribuna Bis, 23 maio 1995, p. 2.<\/p>\n<hr \/>\n<p>\u201cTestimonio\u201d. Depoimento sobre a pr\u00f3pria obra liter\u00e1ria. \u201cConvidada de honra\u201d no Encuentro Iberoamericano de Mujeres Narradoras. Sociedad y Comunicaci\u00f3n\/ Universidad Ricardo Palma. Museo de la Naci\u00f3n. Lima, 18 a 21 agosto 1999\u201d. Mesa de testimonios, sala 1, \u201cLas escritoras y su oficio\u201d. 19 agosto 1999.<\/p>\n<hr \/>\n<p>Entrevista a Maria Izabel Guimar\u00e3es. Impresspni.com.br. Sobre literatura femenina s\u00e9culos XIX e XX. 25 abril 2002.<\/p>\n<hr \/>\n<p>Entrevista a Danielle Fonseca, cineasta, que utilizou a tradu\u00e7\u00e3o de <em>Passeio ao farol<\/em>, de Luiza Lobo para a realiza\u00e7\u00e3o de filme dela (Bel\u00e9m, PA), <em>Rimas de ventos e velas<\/em>. A tradutora discute Virginia Woolf nesta entrevista. 2004.<\/p>\n<p><a href=\"about:blank\">http:\/\/www.veropoema.net\/interna.php?page=5&amp;action=show&amp;id=699<\/a>.<\/p>\n<hr \/>\n<p>Entrevista ao jornal <em>Gazeta do Povo<\/em>, Porto Alegre, sobre a publica\u00e7\u00e3o do livro <em>Segredos p\u00fablicos: os blogs de mulheres no Brasil<\/em>. Mar\u00e7o 2007.<\/p>\n<hr \/>\n<p>Entrevista ao jornal <em>on-line<\/em> da FAPERJ \u2013 sobre a publica\u00e7\u00e3o do <em>Guia de escritoras da Literatura Brasileira<\/em>. Mar\u00e7o 2007.<\/p>\n<hr \/>\n<p>Entrevista ao jornal <em>Globo on-line <\/em>sobre a publica\u00e7\u00e3o do livro <em>Segredos p\u00fablicos: os blogs de mulheres no Brasil<\/em>. Abril 2007.<\/p>\n<hr \/>\n<p>Entrelinhas, Coordenadoria de Comunica\u00e7\u00e3o da UFRJ,<\/p>\n<p>http:\/\/<a href=\"about:blank\">www.olharvirtuao.ufrj.br<\/a>\/2006\/index.php?id_edicao=170&amp;codigo=9 \u2013 sobre <em>Segredos p\u00fablicos: os blogs de mulheres no Brasil<\/em>. Edi\u00e7\u00e3o 170. 7 agosto 2007.<\/p>\n<hr \/>\n<p>Entrevista de dez minutos \u00e0 R\u00e1dio CBN em 10 dezembro de 2008 sobre o pr\u00f3prio livro <em>Segredos p\u00fablicos. Os blogs de mulheres no Brasil<\/em>. Rio de Janeiro, Rocco, 2007. ISBN: 978-85-325-2119-4.<\/p>\n<hr \/>\n<p>Entrevista com Filipe Serrano sobre o livro <em>Segredos p\u00fablicos. Os blogs de mulheres no Brasil<\/em> (Rocco, 2007), \u201cA no\u00e7\u00e3o r\u00edgida do p\u00fablico e privado fazia parte de uma sociedade que se rompeu\u201d, 31 julho 2009. Link. Estad\u00e3o.com.br. Se\u00e7\u00e3o Internet, Cultura digital, Rede social, Blog. 19:15:26. Site:<\/p>\n<p><a href=\"about:blank\">http:\/\/blog.estadao.com.br\/blog\/link\/?title=entrevista_luiza_lobo_publicar_domingo&amp;more=1&amp;c=1&amp;tb=1&amp;pb=1<\/a>. Republicado no <em>Estado de S\u00e3o Paulo<\/em>.<\/p>\n<hr \/>\n<p>Programa Multirio, da Secretaria Municipal de Educa\u00e7\u00e3o, e a Prefeitura da cidade, da Band-Rio, Canal 21, e do Canal 14 da Net, Prefeitura e Secretaria Municipal de Cultura, entrevista \u201cRio, cidade de leitores\u201d, sobre <em>A soma dos dias<\/em>, de sabel Allende, <em>Inven\u00e7\u00e3o e mem\u00f3ria<\/em>, de Lygia Fagundes Telles e <em>Minha vida de menina<\/em>, de Helen Morley, com a rep\u00f3rter Leila Richers e outra convidada. 27 agosto 2009.<\/p>\n<hr \/>\n<p>Entrevista \u201cUm romance que passeia pela hist\u00f3ria de Vassouras: atrav\u00e9s da hist\u00f3ria da pr\u00f3pria fam\u00edlia, Luiza Lobo, pentaneta do bar\u00e3o de Vassouras, mostra um pouco da saga do caf\u00e9 no vale do Para\u00edba\u201d. <em>Tribuna do Interior<\/em>, Vassouras, 28 out. 2011, p. 9.<\/p>\n<hr \/>\n<p>Entrevista para a R\u00e1dio Senado a Margarida Patriota &#8211; e pinga-fogo \u2013 s\u00e1bado \u00e0s 9h e domingo &#8211; 18 minutos de grava\u00e7\u00e3o sobre <em>Terras proibidas<\/em>. Dezembro 2011.<\/p>\n<hr \/>\n<p>Entrevista ao jornal <em>O Estado<\/em>, S\u00e3o Lu\u00eds, sobre <em>O Guesa<\/em> (Ponteio\/Academia Maranhense de Letras, 2012), 12 junho 2012.<\/p>\n<hr \/>\n<p>Entrevista a Mariana Moreira, \u201cO enigma de Sous\u00e2ndrade. Nova edi\u00e7\u00e3o do \u00e9pico <em>O Guesa<\/em>, organizada por Luiza Lobo, esclarece e mapeia o percurso fragmentado da vida e da obra do poeta maranhense\u201d.\u00a0 O GLOBO, 18 de agosto de 2012, Prosa, Cl\u00e1ssico, s\u00e1bado, p. 5.<\/p>\n<hr \/>\n<p>Entrevista com Claufe Rodrigues no programa de televis\u00e3o Globo News Literatura sobre a organiza\u00e7\u00e3o da primeira 1\u00aa edi\u00e7\u00e3o atualizada de <em>O Guesa<\/em>, de Sous\u00e2ndrade. Grava\u00e7\u00e3o na Biblioteca Nacional.\u00a0 Dia 20 de outubro de 2012 (primeira audi\u00e7\u00e3o).<\/p>\n<hr \/>\n<p>Entrevista a Alexandre Barbosa publicada no jornal <em>O Lince<\/em>, Aparecida, SP, Nova Fase, Ano 7, n\u00ba 50, mar\/abril 2013. 13 mar\u00e7o 2013. p. 10-11. Chamada, p. 1.<\/p>\n<hr \/>\n<p>Entrevista sobre a experi\u00eancia de escritora para o Prof. Dr. Leonardo Tonus (Universidade Sorbonne, Paris) e para a Profa. Dra. Maria Isabel Edom Pires (Universidade de Bras\u00edlia). 13 janeiro 2013.<\/p>\n<hr \/>\n<p>Dalma Nascimento, \u201cRobert Burns, um poeta a servi\u00e7o dos deuses e Entrevista com Luiza Lobo, tradutora de Burns no Brasil\u201d, in: Mem\u00f3rias em jornais, Rio de Janeiro, Tempo Brasileiro, 2014. p. 107-111. (Ver <em>Tribuna da Imprensa<\/em>). 254 p. p. 107-111.<\/p>\n<hr \/>\n<p>Filmagem com entrevista de Luiza Lobo por Lasc\u00e8ne produ\u00e7\u00f5es.\u00a0 <a href=\"about:blank\">vanessa@lasceneproducoes.com.br<\/a> \u00a0e<\/p>\n<p>https:youtube\/RRdx02Vpfau\/kDrbPPFDy38. Cine Brasil TV.<\/p>\n<hr \/>\n<p><a href=\"about:blank\">www.mulheresdeluta.com.br<\/a>. Outubro de 2017.<\/p>\n<hr \/>\n<p>Entrevista a Andr\u00e9 Argollo sobre \u201cApresenta\u00e7\u00e3o\u201d a <em>Poemas de viagens<\/em>, de Cec\u00edlia Meireles, no site da Global, 2017. Site da Editora.<\/p>\n<hr \/>\n<p>Diversas entrevistas na r\u00e1dio MEC, com N\u00edsea N\u00f3brega no Programa Poesia do come\u00e7o ao fim, 02 julho 1983, \u00e0s 15h30m, sobre Sous\u00e2ndrade, em S\u00e3o Lu\u00eds, sobre poesia negra, e outros temas, programa de televis\u00e3o sobre curso de p\u00f3s-gradua\u00e7\u00e3o a respeito do Romantismo em Porto Alegre, programas em S\u00e3o Lu\u00eds, Rio de Janeiro etc.<\/p>\n<hr \/>\n<p>Entrevista \u00e0s professoras Barbara Gori e Maria Fontes, da Universidade de P\u00e1dua, sobre o seu livro <em>Sexameron: novelle su matrimoni<\/em> (Aracne, 2016; 2\u00aa ed. Amazon, 2020), no dia 25 de maio de 2020, \u00e0s 13h30 (18h30 hor\u00e1rio da It\u00e1lia). Dispon\u00edvel em Stories, do Departamento DiSLL. https:\/\/www.facebook.com\/DipartimentodiStudiLinguisticieLetterari\/.<\/p>\n","protected":false},"excerpt":{"rendered":"<p>Entrevista com a equipe de Jos\u00e9, em presen\u00e7a de Ferreira Gullar e Silviano Santiago, Jos\u00e9 &#8211; Revista de Literatura, cr\u00edtica e arte. Rio de Janeiro, Fontana, n\u00ba 9, dezembro 1977, p. 2-17. Sous\u00e2ndrade desconhecido. \u00a0Entrevista com Beatriz Bonfim. [Sobre a descoberta de um livro de Sous\u00e2ndrade dado por desaparecido por Sacramento Blake por Luiza Lobo]. [&hellip;]<\/p>\n","protected":false},"author":1,"featured_media":0,"parent":0,"menu_order":0,"comment_status":"closed","ping_status":"closed","template":"","meta":{"_uag_custom_page_level_css":"","advgb_blocks_editor_width":"","advgb_blocks_columns_visual_guide":"","footnotes":""},"class_list":["post-90","page","type-page","status-publish","hentry"],"featured_image_src":null,"uagb_featured_image_src":{"full":false,"thumbnail":false,"medium":false,"medium_large":false,"large":false,"1536x1536":false,"2048x2048":false,"ultp_layout_landscape_large":false,"ultp_layout_landscape":false,"ultp_layout_portrait":false,"ultp_layout_square":false},"uagb_author_info":{"display_name":"litcult","author_link":"https:\/\/litcult.net.br\/luizalobo\/author\/litcult\/"},"uagb_comment_info":0,"uagb_excerpt":"Entrevista com a equipe de Jos\u00e9, em presen\u00e7a de Ferreira Gullar e Silviano Santiago, Jos\u00e9 &#8211; Revista de Literatura, cr\u00edtica e arte. Rio de Janeiro, Fontana, n\u00ba 9, dezembro 1977, p. 2-17. Sous\u00e2ndrade desconhecido. \u00a0Entrevista com Beatriz Bonfim. [Sobre a descoberta de um livro de Sous\u00e2ndrade dado por desaparecido por Sacramento Blake por Luiza Lobo].&hellip;","coauthors":[],"author_meta":{"author_link":"https:\/\/litcult.net.br\/luizalobo\/author\/litcult\/","display_name":"litcult"},"relative_dates":{"created":"Publicado 6 anos atr\u00e1s","modified":"Atualizado 6 anos atr\u00e1s"},"absolute_dates":{"created":"Publicado em 17\/10\/2020","modified":"Atualizado em 17\/10\/2020"},"absolute_dates_time":{"created":"Publicado em 17\/10\/2020 01:12","modified":"Atualizado em 17\/10\/2020 10:14"},"featured_img_caption":"","featured_img":false,"series_order":"","jetpack_sharing_enabled":true,"_links":{"self":[{"href":"https:\/\/litcult.net.br\/luizalobo\/wp-json\/wp\/v2\/pages\/90","targetHints":{"allow":["GET"]}}],"collection":[{"href":"https:\/\/litcult.net.br\/luizalobo\/wp-json\/wp\/v2\/pages"}],"about":[{"href":"https:\/\/litcult.net.br\/luizalobo\/wp-json\/wp\/v2\/types\/page"}],"author":[{"embeddable":true,"href":"https:\/\/litcult.net.br\/luizalobo\/wp-json\/wp\/v2\/users\/1"}],"replies":[{"embeddable":true,"href":"https:\/\/litcult.net.br\/luizalobo\/wp-json\/wp\/v2\/comments?post=90"}],"version-history":[{"count":3,"href":"https:\/\/litcult.net.br\/luizalobo\/wp-json\/wp\/v2\/pages\/90\/revisions"}],"predecessor-version":[{"id":154,"href":"https:\/\/litcult.net.br\/luizalobo\/wp-json\/wp\/v2\/pages\/90\/revisions\/154"}],"wp:attachment":[{"href":"https:\/\/litcult.net.br\/luizalobo\/wp-json\/wp\/v2\/media?parent=90"}],"curies":[{"name":"wp","href":"https:\/\/api.w.org\/{rel}","templated":true}]}}

<p>Entrevista com a equipe de <em>José</em>, em presença de Ferreira Gullar e Silviano Santiago, <em>José</em> &#8211; Revista de Literatura, crítica e arte. Rio de Janeiro, Fontana, nº <em>9</em>, dezembro 1977, p. 2-17.</p>
<hr />
<p>Sousândrade desconhecido.  Entrevista com Beatriz Bonfim. [Sobre a descoberta de um livro de Sousândrade dado por desaparecido por Sacramento Blake por Luiza Lobo]. <em>Jornal do Brasil</em>, Caderno B, 14 junho 1980, p. 11.</p>
<hr />
<p>Entrevista “<em>Voo livre</em> no novo salto de Luiza Lobo”. <em>O Povo</em>, Fortaleza, 11 julho 1982, p. 25.</p>
<hr />
<p>“Literatura não é manifesto político”. Entrevista a Marcia Vidal in Literatura, <em>Diário do Nordeste</em>, Fortaleza, 14 julho 1982.</p>
<hr />
<p>Luiza Lobo – um voo livre cheio de arte e fábulas, por trás dos muros.  Entrevista a Marcos de Farias Costa e Newton Sarmento Filho. <em>Jornal de Alagoas</em>, Maceió, 22 junho 1986.</p>
<hr />
<p>Entrevista no artigo Mulheres de estilo, sobre literatura feminina contemporânea. <em>Isto É</em> (SP), <em>528</em>, 4 fevereiro 1987, p. 48.</p>
<hr />
<p>Sônia Coutinho, “A voz negra dos anos 1980”. Entrevista com Luiza Lobo, entre outros. <em>O Globo</em>, 2o Caderno, 10 abril 1987, p. 1.</p>
<hr />
<p>Participação numa entrevista em vídeo com o escritor Cyro dos Anjos realizada com os professores da Faculdade de Letras da UFRJ. 19 novembro 1990.</p>
<hr />
<p>Entrevista a Isabel Cristina Mauad, “Pioneiras de uma revolução”, com Luiza Lobo e Sylvia Paixão. <em>O Globo</em>, 2º Caderno, 7 outubro 1991, p. 1-2.</p>
<hr />
<p>Programa <em>Curto circuito</em>. Entrevista na TV-E a respeito da mesa-redonda sobre Sylvia Plath. 30 abril 1993.</p>
<hr />
<p>Entrevista no Programa de Amaury Santos.  Rádio <em>CBN</em>, na rádio local de Alagoas. 2 julho 1993, 6ª feira, 22 horas.</p>
<hr />
<p>Nascimento, Dalma. Memórias em jornais. Rio de Janeiro, Tempo Brasileiro, 2014. Robert Burns, um poeta a serviço dos deuses e entrevista com Luiza Lobo, Tradutora de Robert Burns no Brasil. p.107-111. [Publ. <em>Tribuna da Imprensa</em>, Tribuna Bis, 24 janeiro 1995.</p>
<hr />
<p>Entrevista a Claudia Miranda, “Mestres da UFRJ analisam os marginais da literatura”. Tribuna da Imprensa, Ano 46, n° 13.821. Suplemento Tribuna Bis, 23 maio 1995, p. 2.</p>
<hr />
<p>“Testimonio”. Depoimento sobre a própria obra literária. “Convidada de honra” no Encuentro Iberoamericano de Mujeres Narradoras. Sociedad y Comunicación/ Universidad Ricardo Palma. Museo de la Nación. Lima, 18 a 21 agosto 1999”. Mesa de testimonios, sala 1, “Las escritoras y su oficio”. 19 agosto 1999.</p>
<hr />
<p>Entrevista a Maria Izabel Guimarães. Impresspni.com.br. Sobre literatura femenina séculos XIX e XX. 25 abril 2002.</p>
<hr />
<p>Entrevista a Danielle Fonseca, cineasta, que utilizou a tradução de <em>Passeio ao farol</em>, de Luiza Lobo para a realização de filme dela (Belém, PA), <em>Rimas de ventos e velas</em>. A tradutora discute Virginia Woolf nesta entrevista. 2004.</p>
<p><a href="about:blank">http://www.veropoema.net/interna.php?page=5&amp;action=show&amp;id=699</a>.</p>
<hr />
<p>Entrevista ao jornal <em>Gazeta do Povo</em>, Porto Alegre, sobre a publicação do livro <em>Segredos públicos: os blogs de mulheres no Brasil</em>. Março 2007.</p>
<hr />
<p>Entrevista ao jornal <em>on-line</em> da FAPERJ – sobre a publicação do <em>Guia de escritoras da Literatura Brasileira</em>. Março 2007.</p>
<hr />
<p>Entrevista ao jornal <em>Globo on-line </em>sobre a publicação do livro <em>Segredos públicos: os blogs de mulheres no Brasil</em>. Abril 2007.</p>
<hr />
<p>Entrelinhas, Coordenadoria de Comunicação da UFRJ,</p>
<p>http://<a href="about:blank">www.olharvirtuao.ufrj.br</a>/2006/index.php?id_edicao=170&amp;codigo=9 – sobre <em>Segredos públicos: os blogs de mulheres no Brasil</em>. Edição 170. 7 agosto 2007.</p>
<hr />
<p>Entrevista de dez minutos à Rádio CBN em 10 dezembro de 2008 sobre o próprio livro <em>Segredos públicos. Os blogs de mulheres no Brasil</em>. Rio de Janeiro, Rocco, 2007. ISBN: 978-85-325-2119-4.</p>
<hr />
<p>Entrevista com Filipe Serrano sobre o livro <em>Segredos públicos. Os blogs de mulheres no Brasil</em> (Rocco, 2007), “A noção rígida do público e privado fazia parte de uma sociedade que se rompeu”, 31 julho 2009. Link. Estadão.com.br. Seção Internet, Cultura digital, Rede social, Blog. 19:15:26. Site:</p>
<p><a href="about:blank">http://blog.estadao.com.br/blog/link/?title=entrevista_luiza_lobo_publicar_domingo&amp;more=1&amp;c=1&amp;tb=1&amp;pb=1</a>. Republicado no <em>Estado de São Paulo</em>.</p>
<hr />
<p>Programa Multirio, da Secretaria Municipal de Educação, e a Prefeitura da cidade, da Band-Rio, Canal 21, e do Canal 14 da Net, Prefeitura e Secretaria Municipal de Cultura, entrevista “Rio, cidade de leitores”, sobre <em>A soma dos dias</em>, de sabel Allende, <em>Invenção e memória</em>, de Lygia Fagundes Telles e <em>Minha vida de menina</em>, de Helen Morley, com a repórter Leila Richers e outra convidada. 27 agosto 2009.</p>
<hr />
<p>Entrevista “Um romance que passeia pela história de Vassouras: através da história da própria família, Luiza Lobo, pentaneta do barão de Vassouras, mostra um pouco da saga do café no vale do Paraíba”. <em>Tribuna do Interior</em>, Vassouras, 28 out. 2011, p. 9.</p>
<hr />
<p>Entrevista para a Rádio Senado a Margarida Patriota &#8211; e pinga-fogo – sábado às 9h e domingo &#8211; 18 minutos de gravação sobre <em>Terras proibidas</em>. Dezembro 2011.</p>
<hr />
<p>Entrevista ao jornal <em>O Estado</em>, São Luís, sobre <em>O Guesa</em> (Ponteio/Academia Maranhense de Letras, 2012), 12 junho 2012.</p>
<hr />
<p>Entrevista a Mariana Moreira, “O enigma de Sousândrade. Nova edição do épico <em>O Guesa</em>, organizada por Luiza Lobo, esclarece e mapeia o percurso fragmentado da vida e da obra do poeta maranhense”.  O GLOBO, 18 de agosto de 2012, Prosa, Clássico, sábado, p. 5.</p>
<hr />
<p>Entrevista com Claufe Rodrigues no programa de televisão Globo News Literatura sobre a organização da primeira 1ª edição atualizada de <em>O Guesa</em>, de Sousândrade. Gravação na Biblioteca Nacional.  Dia 20 de outubro de 2012 (primeira audição).</p>
<hr />
<p>Entrevista a Alexandre Barbosa publicada no jornal <em>O Lince</em>, Aparecida, SP, Nova Fase, Ano 7, nº 50, mar/abril 2013. 13 março 2013. p. 10-11. Chamada, p. 1.</p>
<hr />
<p>Entrevista sobre a experiência de escritora para o Prof. Dr. Leonardo Tonus (Universidade Sorbonne, Paris) e para a Profa. Dra. Maria Isabel Edom Pires (Universidade de Brasília). 13 janeiro 2013.</p>
<hr />
<p>Dalma Nascimento, “Robert Burns, um poeta a serviço dos deuses e Entrevista com Luiza Lobo, tradutora de Burns no Brasil”, in: Memórias em jornais, Rio de Janeiro, Tempo Brasileiro, 2014. p. 107-111. (Ver <em>Tribuna da Imprensa</em>). 254 p. p. 107-111.</p>
<hr />
<p>Filmagem com entrevista de Luiza Lobo por Lascène produções.  <a href="about:blank">vanessa@lasceneproducoes.com.br</a>  e</p>
<p>https:youtube/RRdx02Vpfau/kDrbPPFDy38. Cine Brasil TV.</p>
<hr />
<p><a href="about:blank">www.mulheresdeluta.com.br</a>. Outubro de 2017.</p>
<hr />
<p>Entrevista a André Argollo sobre “Apresentação” a <em>Poemas de viagens</em>, de Cecília Meireles, no site da Global, 2017. Site da Editora.</p>
<hr />
<p>Diversas entrevistas na rádio MEC, com Nísea Nóbrega no Programa Poesia do começo ao fim, 02 julho 1983, às 15h30m, sobre Sousândrade, em São Luís, sobre poesia negra, e outros temas, programa de televisão sobre curso de pós-graduação a respeito do Romantismo em Porto Alegre, programas em São Luís, Rio de Janeiro etc.</p>
<hr />
<p>Entrevista às professoras Barbara Gori e Maria Fontes, da Universidade de Pádua, sobre o seu livro <em>Sexameron: novelle su matrimoni</em> (Aracne, 2016; 2ª ed. Amazon, 2020), no dia 25 de maio de 2020, às 13h30 (18h30 horário da Itália). Disponível em Stories, do Departamento DiSLL. https://www.facebook.com/DipartimentodiStudiLinguisticieLetterari/.</p>

<p>Entrevista com a equipe de José, em presença de Ferreira Gullar e Silviano Santiago, José &#8211; Revista de Literatura, crítica e arte. Rio de Janeiro, Fontana, nº 9, dezembro 1977, p. 2-17. Sousândrade desconhecido.  Entrevista com Beatriz Bonfim. [Sobre a descoberta de um livro de Sousândrade dado por desaparecido por Sacramento Blake por Luiza Lobo]. [&hellip;]</p>

Entrevista com a equipe de José, em presença de Ferreira Gullar e Silviano Santiago, José &#8211; Revista de Literatura, crítica e arte. Rio de Janeiro, Fontana, nº 9, dezembro 1977, p. 2-17. Sousândrade desconhecido.  Entrevista com Beatriz Bonfim. [Sobre a descoberta de um livro de Sousândrade dado por desaparecido por Sacramento Blake por Luiza Lobo].&hellip;

Publicado 6 anos atrás

Atualizado 6 anos atrás
